 is the highest common factor of 128381805 and 90?
45
Calculate the greatest common factor of 255632 and 306384.
208
What is the greatest common factor of 954248 and 3135848?
808
What is the greatest common factor of 41958 and 176638?
518
Calculate the greatest common divisor of 14962236 and 2645.
529
Calculate the greatest common factor of 4069720 and 50.
10
What is the greatest common factor of 21 and 501790954?
7
What is the greatest common factor of 19778 and 71159?
11
Calculate the highest common divisor of 50226 and 2474274.
66
What is the greatest common factor of 19891042 and 464?
58
Calculate the highest common divisor of 9740038 and 42.
14
Calculate the greatest common divisor of 130031019 and 4743.
279
What is the highest common divisor of 4643229 and 498489?
5601
Calculate the highest common factor of 8464 and 352268.
92
What is the highest common factor of 2438 and 53051516?
106
Calculate the greatest common factor of 924 and 17057172.
132
Calculate the greatest common factor of 15746272 and 22912.
5728
What is the greatest common divisor of 4356 and 181308?
12
What is the greatest common divisor of 72715 and 395?
5
What is the greatest common factor of 324533 and 9724?
11
Calculate the highest common factor of 11293 and 3557786.
491
What is the greatest common factor of 20241 and 15029721?
1557
Calculate the highest common divisor of 513438 and 4824049.
1031
Calculate the highest common factor of 1917132 and 1508.
116
Calculate the highest common divisor of 2222799 and 387.
129
Calculate the highest common factor of 140053267 and 29.
29
Calculate the highest common divisor of 1660774 and 8.
2
Calculate the greatest common divisor of 1168 and 464312120.
584
What is the highest common divisor of 131219508 and 2116?
2116
Calculate the greatest common divisor of 45427382 and 572.
286
What is the highest common factor of 8316 and 2104236?
36
What is the highest common divisor of 368816 and 1195544?
2072
Calculate the greatest common divisor of 1288 and 105767984.
1288
What is the highest common factor of 70 and 711655?
35
What is the highest common factor of 108 and 6084336?
12
Calculate the greatest common divisor of 141947 and 148291.
793
What is the highest common divisor of 198 and 58473657?
99
Calculate the highest common divisor of 34822857 and 23403.
807
What is the greatest common divisor of 83 and 20890768?
83
Calculate the greatest common factor of 469211 and 593664.
773
Calculate the greatest common factor of 3274432 and 384.
64
What is the greatest common divisor of 12361589 and 51911?
2257
Calculate the highest common divisor of 52 and 41599532.
52
What is the highest common factor of 7143329 and 2713?
2713
What is the highest common factor of 308143 and 479600?
1199
Calculate the highest common factor of 4888856 and 131603.
1303
What is the greatest common divisor of 99 and 3253569?
33
What is the greatest common divisor of 3308642 and 7038?
782
What is the highest common factor of 180418 and 677488?
3682
What is the greatest common factor of 4001260077 and 7677?
7677
Calculate the greatest common factor of 674524413 and 85059.
6543
Calculate the greatest common divisor of 357 and 43857450.
357
What is the greatest common factor of 1312 and 85143224?
328
Calculate the greatest common factor of 1339 and 223379.
13
Calculate the highest common factor of 93102568 and 32809.
4687
Calculate the greatest common divisor of 620 and 258140.
20
What is the highest common divisor of 132861701 and 2311?
2311
What is the greatest common factor of 2212 and 115128517?
553
Calculate the greatest common divisor of 376042375 and 125.
125
Calculate the highest common factor of 468462785 and 735.
245
What is the highest common divisor of 1358434 and 15302?
14
What is the highest common divisor of 717261 and 57?
3
Calculate the highest common factor of 168 and 82070408.
56
Calculate the greatest common divisor of 12928206 and 245267.
2027
Calculate the highest common divisor of 726702 and 171120.
186
Calculate the highest common divisor of 1536 and 250248.
24
Calculate the greatest common factor of 103032 and 124868.
212
Calculate the highest common factor of 288664 and 5636.
4
What is the highest common divisor of 31488489 and 2151?
2151
What is the greatest common factor of 10594 and 3583854854?
10594
Calculate the highest common factor of 1001 and 7488349.
11
Calculate the highest common divisor of 10154854 and 4978.
38
Calculate the highest common divisor of 121775825 and 15275.
1175
What is the greatest common factor of 38448 and 253584?
432
Calculate the greatest common divisor of 420 and 2148945.
15
What is the greatest common divisor of 4065 and 106755?
15
What is the greatest common factor of 35724333 and 6164?
67
What is the greatest common divisor of 12776 and 5656?
8
Calculate the highest common divisor of 20368 and 11799.
19
Calculate the greatest common divisor of 70 and 237784960.
70
What is the highest common factor of 469752 and 12432?
888
Calculate the greatest common factor of 1009730 and 288674.
74
Calculate the highest common factor of 80182 and 2710834.
1706
What is the highest common divisor of 48 and 15816708?
12
Calculate the greatest common factor of 158191 and 23320.
11
What is the highest common factor of 3 and 117272329?
1
What is the highest common factor of 2764524 and 984?
12
What is the highest common factor of 3753 and 81493059?
417
Calculate the greatest common divisor of 246 and 66115124.
82
What is the greatest common factor of 78866 and 5173274?
1678
What is the highest common divisor of 394108 and 891?
11
Calculate the greatest common factor of 80 and 73313195.
5
What is the highest common factor of 371 and 2878904?
7
What is the highest common divisor of 584 and 316936?
8
What is the highest common factor of 9984 and 96297?
3
What is the highest common divisor of 9500 and 189810?
190
What is the greatest common factor of 49654750 and 99600?
4150
Calculate the highest common factor of 438 and 266657904.
438
Calculate the greatest common divisor of 1663336 and 1059.
353
What is the greatest common divisor of 260190390 and 431?
431
Calculate the highest common factor of 5222925 and 19205.
835
What is the greatest common factor of 870 and 124667085?
435
Calculate the highest common divisor of 845 and 216722051.
169
Calculate the highest common divisor of 3769888 and 19360.
32
What is the greatest common factor of 152971 and 1757?
7
What is the greatest common divisor of 13452 and 1220316?
12
What is the greatest common divisor of 1505 and 117880?
35
What is the greatest common factor of 682 and 1787522?
682
Calculate the greatest common factor of 14527640 and 10.
10
What is the greatest common divisor of 3592 and 53329526?
898
What is the highest common divisor of 1063652 and 4484?
236
Calculate the highest common factor of 12719325 and 60.
15
What is the greatest common factor of 23 and 9312769?
23
Calculate the greatest common factor of 1412237 and 182155.
2143
What is the greatest common factor of 10831812 and 33684?
4812
Calculate the greatest common factor of 37582 and 3734464.
1978
What is the greatest common divisor of 65145132 and 104?
52
Calculate the greatest common factor of 22443495 and 1695.
1695
Calculate the highest common factor of 21373367 and 877.
877
What is the highest common divisor of 112316 and 171957?
43
What is the highest common divisor of 786264714 and 1236?
618
Calculate the greatest common divisor of 4059 and 2218059.
369
What is the highest common factor of 156 and 7387809?
39
What is the highest common factor of 1278 and 1722034?
142
What is the greatest common divisor of 15570 and 4581270?
90
Calculate the highest common divisor of 852 and 559928436.
852
What is the greatest common divisor of 14 and 25344116?
14
Calculate the highest common factor of 22649 and 12760759.
781
Calculate the greatest common factor of 1396651 and 913909.
2063
What is the greatest common divisor of 20732496 and 456?
456
What is the highest common factor of 57603 and 6158035?
2743
What is the highest common factor of 272 and 2438276?
68
Calculate the highest common divisor of 100 and 22476770.
10
What is the greatest common divisor of 191996277 and 99?
33
Calculate the highest common divisor o